ue
Is 26 a factor of 3/(-15) - 2155/(-25)?
False
Let b be 10/(-45) - (-1642)/18. Let v = b - 63. Suppose 3*g - 97 = -v. Is g a multiple of 11?
False
Suppose -4*i = -2*a - 8, 4*a - 16 = 2*a - 4*i. Let q be 24 - (a - 1 - -1). Let o = q + -4. Is 9 a factor of o?
True
Let v = 36 - 31. Let o = 1 - 2. Is o/v + 181/5 a multiple of 18?
True
Is -4*(-6)/(-36) - (-640)/6 a multiple of 18?
False
Suppose 3*w = 6*w. Suppose 4*l + 9 = l, 2*t + l + 109 = w. Let d = -31 - t. Is 8 a factor of d?
False
Suppose 170 = -0*k + 5*k. Suppose 5*v = b + k, 3*v + 0 - 22 = b. Suppose o + 80 = v*o. Is o a multiple of 7?
False
Let f(y) = -5*y - 2. Let o(k) = k**2 + 7*k + 6. Let q be o(-4). Let c be (4 - 1)*4/q. Does 4 divide f(c)?
True
Suppose -5*g = 25, -4*g = 4*k - 12 - 0. Let i be 2/(14/k + -2). Does 11 divide (-5)/20 + (-90)/i?
True
Let h(s) = -s + 1. Suppose 2*o + 12 = -0*o. Let k be h(o). Suppose 4*i + 50 = 3*c, k*c - 3*i - 55 = 3*c. Does 8 divide c?
False
Let c be (-7 - -3)/1 + 7. Suppose -c*g + g + 80 = 0. Does 27 divide g?
False
Let c be 6/21 + (-30)/7. Let y(x) = -2*x - 3. Is 3 a factor of y(c)?
False
Let q = -1 - -4. Suppose -q*j = -n + 95, -4*n + 380 = -2*j - 2*j. Is n a multiple of 27?
False
Suppose -720 = -10*w + 2*w. Is 24 a factor of w?
False
Suppose 4*d + 7 = -5*s - 7, 5*s - 3*d = -7. Let q be (-9 + 0)*(s - -5). Let z = -3 - q. Does 17 divide z?
False
Let g = -53 - -21. Suppose -u - 6 = -60. Let r = g + u. Is 11 a factor of r?
True
Suppose 0 = 2*w - w - 5. Suppose -5*j - 6 - 4 = -2*b, -w*b + j - 21 = 0. Let h = b + 23. Is h a multiple of 9?
True
Let j(t) be the second derivative of -t**5/20 + t**4/3 + 5*t**3/6 + 7*t**2/2 - 3*t. Let h be j(5). Suppose -3*p - 104 = -h*p. Does 22 divide p?
False
Let n = -3 - -7. Does 9 divide n/10 - (-93)/5?
False
Let z(i) = -2*i + 6. Let v be z(7). Let o = 11 + v. Is (-6)/(-1*o) + 23 a multiple of 9?
False
Is 12 a factor of -2 + 286 - (-4 - (-18)/6)?
False
Suppose x - 10 = 9. Is 7 a factor of x?
False
Does 7 divide (9/(-6))/(6/(-56))?
True
Suppose 0*k = -4*k - 5*x + 18, -43 = -5*k + 4*x. Suppose 12*g = k*g + 60. Does 7 divide g?
False
Suppose 2*u + 6 = -2*z, z - 5*u + 6 = 27. Suppose -5*s + 8 + 8 = 2*v, 0 = -3*v + 5*s - z. Suppose -4*w + 4*f = -128, w = 5*w + v*f - 114. Is 15 a factor of w?
True
Let o(v) = -3*v**2 + 4*v + 2. Let j be o(4). Let y = -6 - j. Does 12 divide y?
True
Let k = 5 + -11. Let m(z) = z**2 + 4*z + 6. Is m(k) a multiple of 9?
True
Let s(p) = -4*p + p - 8 + 5*p. Let z be s(6). Suppose -m + 4 = -z. Is 3 a factor of m?
False
Is 7 a factor of (-2)/(-4)*8 - -50?
False
Suppose 50 + 496 = 6*a. Is a a multiple of 19?
False
Let t(s) = 2*s**2 + 6*s - 7. Let a be t(-5). Suppose 0 = 4*w - 12, v + 0*v - a = -3*w. Suppose -v*b + 50 = -2*b. Is b a multiple of 10?
False
Is 93/8 + 18/48 a multiple of 12?
True
Let l = 4 + -66. Suppose -2*t = 2*t + 140. Let r = t - l. Is 10 a factor of r?
False
Suppose -2*a + 3*i = -61, -3*i = -a + 28 + 1. Is a a multiple of 16?
True
Let l(g) = -4*g + 70. Is 7 a factor of l(-14)?
True
Let v = -112 - -192. Is v a multiple of 12?
False
Suppose 0 = -2*j + 14 + 54. Let q = j - 24. Let l = q + -2. Is 6 a factor of l?
False
Let z(u) = -u**2 + 5*u + 2. Let s be (-2)/(-10) - (-156)/(-30). Let n be z(s). Is (10/(-8))/(4/n) a multiple of 15?
True
Suppose q = -3*q + 100. Let m = -4 + 7. Suppose m*j = 2*j + q. Is j a multiple of 13?
False
Let w = -30 - -2. Let b = 52 + w. Is b a multiple of 10?
False
Let o = -18 + 23. Let f(y) = -y**3 + 4*y**2 + 5*y + 6. Is f(o) a multiple of 6?
True
Let l(q) = 49*q**3 + 2*q**2 - q. Is 12 a factor of l(1)?
False
Suppose 5*u + 25 = 5*j, -3*j = u - 5*u - 17. Let i = 12 - 7. Suppose -j*d + i = -4. Is d a multiple of 2?
False
Suppose -w + 37 = -145. Suppose 4*h - w = -2*t, -h + 81 = t - 5. Is 21 a factor of t?
False
Let m(z) = -z**2 + 2. Let d be m(2). Let u = 11 + d. Let g = u + -6. Is 3 a factor of g?
True
Let s(m) = m**3 - m**2 + 51. Is 17 a factor of s(0)?
True
Let a(v) = v**3 + 7*v**2 - 8*v + 10. Let o be a(-8). Suppose 0 = -0*h - h + o. Is 5 a factor of h?
True
Let v(w) = w - 7. Let y be v(7). Suppose 2*q + 0*q - 4 = y. Suppose -x - 5*z + 27 + 1 = 0, -q*x + z + 67 = 0. Is x a multiple of 16?
False
Is (-490)/(-40) + (-1)/4 a multiple of 4?
True
Let l = -12 - -10. Is 10 a factor of l - (-78)/(3 - 1)?
False
Suppose -22 = -s - s. Let a(t) = t + 3. Does 13 divide a(s)?
False
Suppose -5*k - 2*r = r + 34, 0 = 5*k - 3*r + 16. Let x(y) = -y - 5. Let g be x(-7). Is 5 a factor of ((-4)/g - k)*6?
False
Suppose 0 = z - 4. Let f(p) = 3*p + 4. Is f(z) a multiple of 6?
False
Suppose -3*f + 75 = 3*d, 8*f + 5*d - 59 = 6*f. Is f a multiple of 5?
False
Let p(l) = 2*l**2 + l. Let r be p(1). Is 6 a factor of 2 + -4 - (-39)/r?
False
Let x(g) = -g**3 + 16*g**2 - 15*g + 9. Does 5 divide x(15)?
False
Let k = -818 + 1331. Let g = k - 338. Suppose -2*z - 3*z = -g. Is z a multiple of 10?
False
Suppose 7*y - 48 = 3*y. Is y a multiple of 12?
True
Let x = 90 - 35. Suppose 3*i - 10 = 2. Suppose i*n - x = -n. Is 4 a factor of n?
False
Let w be 23/3 + 4/(-6). Suppose -b + 5*b - 2*d = 26, b - w = d. Let s(h) = h**2. Is 18 a factor of s(b)?
True
Let m be (-4)/6 + (-14)/(-21). Suppose 5*k - 2*k - 48 = m. Does 16 divide k?
True
Let b = -105 + 169. Does 28 divide b?
False
Let v = -164 + 309. Let f = v + -93. Is 20 a factor of f?
False
Suppose 0 = -z - 2, -5*k + 0*z = 2*z - 376. Does 20 divide k?
False
Let q be 21/(-2) - 2/(-4). Let y = 19 + q. Is y a multiple of 9?
True
Is 2 a factor of 36 + 7 + -5 + -7?
False
Let i(p) = p + 10. Suppose 2*j - j + 8 = 0. Let w be i(j). Suppose w*c - 50 = 2*r, c - 3*r - 3 = 12. Does 14 divide c?
False
Suppose -x - 4*a - 20 = a, a + 2 = 0. Let v(s) = s + 19. Does 9 divide v(x)?
True
Let t(v) = 12*v**2 + 2*v + 2. Let m be (-5)/(-2)*(2 - 0). Suppose -2 + 0 = 4*s - 3*y, 2*y + 14 = -m*s. Is t(s) a multiple of 16?
False
Let y = -20 + -94. Does 18 divide y/(-3 - 0) - 2?
True
Let h(p) = -20*p**3 - p**2 + 1. Let j be h(-1). Suppose -5*l + j = -15. Is l even?
False
Suppose 0*z + 68 = -4*z. Let t be 9/2*(-20)/3. Let o = z - t. Is o a multiple of 9?
False
Let l = -27 - -115. Is l a multiple of 23?
False
Let j(m) = -4*m - 5 + 9 + 3*m + 9. Is 14 a factor of j(-6)?
False
Let y(k) = 5*k**3 - 3*k**2 + k - 2. Let j be (4/(-12))/(1/(-6)). Let p be y(j). Let s = 41 - p. Is s a multiple of 6?
False
Let a = -67 - -217. Is 5 a factor of a?
True
Let u(m) be the third derivative of m**5/30 + m**4/24 - 5*m**3/6 - 6*m**2. Is u(-4) a multiple of 8?
False
Let z = 47 - -25. Is 8 a factor of z?
True
Let b(a) = -a**2 + 53. Is b(0) a multiple of 15?
False
Suppose 3*j + 3 + 9 = y, 2*y + 4*j = -6. Let i = -1 + y. Suppose -i*h + 2*u + 28 = 0, -3*u + 2*u - 25 = -2*h. Is h a multiple of 10?
False
Suppose -o = 3*z + 2*o - 315, -105 = -z + 3*o. Is z a multiple of 15?
True
Let r be (-2)/(-4) + 4/(-8). Let p be (r - -1) + -2 + -59. Let c = p + 100. Does 15 divide c?
False
Suppose 5*q - 5*h = 4 + 1, -2*h = -q + 2. Suppose q - 4 = -a. Is 12 + -4*(-2)/a a multiple of 14?
True
Does 63 divide (-2)/(-9) + 5666/18?
True
Suppose -5*q + 234 = 2*z, 2*q + 53 = -z + 147. Is q a multiple of 46?
True
Let v = -99 + 156. Does 6 divide v?
False
Let u(x) = 2*x - 8. Let s be u(6). Suppose 5*k - s*b = 90, 2*k - k - 3*b = 18. Let h = -8 + k. Is 6 a factor of h?
False
Suppose -3*r + 112 + 68 = 0. Is 20 a factor of r?
True
Does 5 divide (-7 - -6) + 31/1?
True
Let l = -79 - -133. Is l a multiple of 18?
True
Suppose 5*p - 14 = -4*n, 5*p - 1 = -2*n + 1. Let g = n + 7. Is g a multiple of 8?
False
Let a be 12*1/(3/8). Suppose 0 = 4*h - a - 8. Is 10 a factor of h?
True
Let g(r) = 9*r - 10. Does 4 divide g(6)?
True
Suppose -7*x + 66 = -2*x + 2*s, 3*x + 2*s = 38. Suppose 3*h - 19 = 5*m, 5*h - 3*m = 7 + x. Does 14 divide h*51/(-6)*-2?
False
Suppose 4 = 4*a - 68. Is 6 a factor of a?
True
Let t = -6 + 27. Let u be (-1)/(-3) - 91/t. Does 6 divide -3 - u*(-21)/(-6)?
False
Let q(h) = -16*h - 5. Let t be q(9). Let i = t - -257. Suppose 4*p - 140 = 5*b, b - 4*b = 4*p - i. Is 14 a factor of p?
False
Suppose -2*n = 4*d - 160, -4*d + 133 = -d - 5*n. Is 18 a factor of d?
False
Suppose 3*m - 6 = -3*k, -3*m + 0*m = 5*k - 16. Suppose k*t - 84 = 2*t. Is 14 a factor of t?
True
Let y be (1 - (-1)/(-2))*24. Let l(d) = d**3 + 4*d**2 + 3*d - 5. Let k be l(-4). Le